{"id":35,"date":"2014-10-13T13:27:27","date_gmt":"2014-10-13T13:27:27","guid":{"rendered":"http:\/\/hirlevelorias.hu\/blog\/?page_id=35"},"modified":"2020-02-17T12:52:48","modified_gmt":"2020-02-17T12:52:48","slug":"letoltheto-dokumentumok","status":"publish","type":"page","link":"http:\/\/hirlevelorias.hu\/blog\/letoltheto-dokumentumok\/","title":{"rendered":"Let\u00f6lthet\u0151 dokumentumok"},"content":{"rendered":"<p>*A let\u00f6lt\u00e9s csak regisztr\u00e1ci\u00f3 \u00e9s bejelentkez\u00e9s ut\u00e1n lehets\u00e9ges.<\/p>\n[groups_file_link file_id=\"1\"]\n","protected":false},"excerpt":{"rendered":"<p>*A let\u00f6lt\u00e9s csak regisztr\u00e1ci\u00f3 \u00e9s bejelentkez\u00e9s ut\u00e1n lehets\u00e9ges.<\/p>\n","protected":false},"author":1,"featured_media":0,"parent":0,"menu_order":0,"comment_status":"open","ping_status":"open","template":"","meta":[],"aioseo_notices":[],"_links":{"self":[{"href":"http:\/\/hirlevelorias.hu\/blog\/wp-json\/wp\/v2\/pages\/35"}],"collection":[{"href":"http:\/\/hirlevelorias.hu\/blog\/wp-json\/wp\/v2\/pages"}],"about":[{"href":"http:\/\/hirlevelorias.hu\/blog\/wp-json\/wp\/v2\/types\/page"}],"author":[{"embeddable":true,"href":"http:\/\/hirlevelorias.hu\/blog\/wp-json\/wp\/v2\/users\/1"}],"replies":[{"embeddable":true,"href":"http:\/\/hirlevelorias.hu\/blog\/wp-json\/wp\/v2\/comments?post=35"}],"version-history":[{"count":27,"href":"http:\/\/hirlevelorias.hu\/blog\/wp-json\/wp\/v2\/pages\/35\/revisions"}],"predecessor-version":[{"id":1009,"href":"http:\/\/hirlevelorias.hu\/blog\/wp-json\/wp\/v2\/pages\/35\/revisions\/1009"}],"wp:attachment":[{"href":"http:\/\/hirlevelorias.hu\/blog\/wp-json\/wp\/v2\/media?parent=35"}],"curies":[{"name":"wp","href":"https:\/\/api.w.org\/{rel}","templated":true}]}}